{"id":19362,"date":"2023-07-25T17:29:09","date_gmt":"2023-07-25T20:29:09","guid":{"rendered":"https:\/\/cintiacarreras.com\/?post_type=product&#038;p=19362"},"modified":"2024-11-11T10:03:25","modified_gmt":"2024-11-11T13:03:25","slug":"plasma-rico-en-plaquetas","status":"publish","type":"product","link":"https:\/\/cintiacarreras.com\/index.php\/product\/plasma-rico-en-plaquetas\/","title":{"rendered":"PLASMA RICO EN PLAQUETAS"},"content":{"rendered":"<p>Experimenta la regeneraci\u00f3n y rejuvenecimiento de tu piel con nuestro servicio de Plasma Rico en Plaquetas (PRP). El PRP es un tratamiento revolucionario que utiliza tu propio plasma sangu\u00edneo, rico en factores de crecimiento, para estimular la producci\u00f3n de col\u00e1geno y promover la regeneraci\u00f3n celular. Primero en el laboratorios de estudios cl\u00ednicos los bioquimicos extraen una peque\u00f1a muestra de tu sangre, la procesan para obtener el PRP y luego lo aplicamos en el consultorio en las \u00e1reas a tratar, como el rostro, el cuello o las manos. El PRP act\u00faa para mejorar la textura de la piel, reducir arrugas y l\u00edneas finas, atenuar cicatrices y mejorar la luminosidad general. Adem\u00e1s es un tratamiento efectivo para combatir e impedir la ca\u00edda de cabellos. Este procedimiento seguro y natural ofrece resultados duraderos y una apariencia m\u00e1s joven y radiante. Con nuestra mesoterapia con Plasma Rico en Plaquetas, descubre el poder de tu propia sangre para revitalizar tu piel, tu cabello y restaurar su belleza desde el interior.<\/p>\n","protected":false},"excerpt":{"rendered":"<p>Experimenta la regeneraci\u00f3n y rejuvenecimiento de tu piel con nuestro servicio de Plasma Rico en Plaquetas (PRP). El PRP es un tratamiento revolucionario que utiliza tu propio plasma sangu\u00edneo, rico en factores de crecimiento, para estimular la producci\u00f3n de col\u00e1geno y promover la regeneraci\u00f3n celular. Primero en el laboratorios de estudios cl\u00ednicos los bioquimicos extraen &#8230; <\/p>\n<p class=\"read-more-container\"><a title=\"PLASMA RICO EN PLAQUETAS\" class=\"read-more button\" href=\"https:\/\/cintiacarreras.com\/index.php\/product\/plasma-rico-en-plaquetas\/#more-19362\" aria-label=\"Read more about PLASMA RICO EN PLAQUETAS\">Leer m\u00e1s<\/a><\/p>\n","protected":false},"featured_media":19410,"comment_status":"open","ping_status":"closed","template":"","meta":[],"product_cat":[21],"product_tag":[44,43,40,42],"class_list":{"0":"post-19362","1":"product","2":"type-product","3":"status-publish","4":"has-post-thumbnail","6":"product_cat-inyectables","7":"product_tag-caida-del-cabello","8":"product_tag-escote","9":"product_tag-rejuvenecimiento","10":"product_tag-rostro","11":"sales-flash-overlay","12":"woocommerce-text-align-center","13":"woocommerce-image-align-center","14":"do-quantity-buttons","16":"first","17":"instock","18":"shipping-taxable","19":"product-type-simple"},"yoast_head":"<!-- This site is optimized with the Yoast SEO plugin v23.4 - https:\/\/yoast.com\/wordpress\/plugins\/seo\/ -->\n<title>PLASMA RICO EN PLAQUETAS - cintiacarreras.com<\/title>\n<meta name=\"robots\" content=\"index, follow, max-snippet:-1, max-image-preview:large, max-video-preview:-1\" \/>\n<link rel=\"canonical\" href=\"https:\/\/cintiacarreras.com\/index.php\/product\/plasma-rico-en-plaquetas\/\" \/>\n<meta property=\"og:locale\" content=\"en_US\" \/>\n<meta property=\"og:type\" content=\"article\" \/>\n<meta property=\"og:title\" content=\"PLASMA RICO EN PLAQUETAS - cintiacarreras.com\" \/>\n<meta property=\"og:description\" content=\"Experimenta la regeneraci\u00f3n y rejuvenecimiento de tu piel con nuestro servicio de Plasma Rico en Plaquetas (PRP). El PRP es un tratamiento revolucionario que utiliza tu propio plasma sangu\u00edneo, rico en factores de crecimiento, para estimular la producci\u00f3n de col\u00e1geno y promover la regeneraci\u00f3n celular. Primero en el laboratorios de estudios cl\u00ednicos los bioquimicos extraen ... Leer m\u00e1s\" \/>\n<meta property=\"og:url\" content=\"https:\/\/cintiacarreras.com\/index.php\/product\/plasma-rico-en-plaquetas\/\" \/>\n<meta property=\"og:site_name\" content=\"cintiacarreras.com\" \/>\n<meta property=\"article:modified_time\" content=\"2024-11-11T13:03:25+00:00\" \/>\n<meta property=\"og:image\" content=\"https:\/\/cintiacarreras.com\/wp-content\/uploads\/2023\/07\/plasma-rico-en-plaquetas.png\" \/>\n\t<meta property=\"og:image:width\" content=\"1080\" \/>\n\t<meta property=\"og:image:height\" content=\"1080\" \/>\n\t<meta property=\"og:image:type\" content=\"image\/png\" \/>\n<meta name=\"twitter:card\" content=\"summary_large_image\" \/>\n<meta name=\"twitter:label1\" content=\"Est. reading time\" \/>\n\t<meta name=\"twitter:data1\" content=\"1 minute\" \/>\n<script type=\"application\/ld+json\" class=\"yoast-schema-graph\">{\"@context\":\"https:\/\/schema.org\",\"@graph\":[{\"@type\":\"WebPage\",\"@id\":\"https:\/\/cintiacarreras.com\/index.php\/product\/plasma-rico-en-plaquetas\/\",\"url\":\"https:\/\/cintiacarreras.com\/index.php\/product\/plasma-rico-en-plaquetas\/\",\"name\":\"PLASMA RICO EN PLAQUETAS - cintiacarreras.com\",\"isPartOf\":{\"@id\":\"https:\/\/cintiacarreras.com\/#website\"},\"primaryImageOfPage\":{\"@id\":\"https:\/\/cintiacarreras.com\/index.php\/product\/plasma-rico-en-plaquetas\/#primaryimage\"},\"image\":{\"@id\":\"https:\/\/cintiacarreras.com\/index.php\/product\/plasma-rico-en-plaquetas\/#primaryimage\"},\"thumbnailUrl\":\"https:\/\/cintiacarreras.com\/wp-content\/uploads\/2023\/07\/plasma-rico-en-plaquetas.png\",\"datePublished\":\"2023-07-25T20:29:09+00:00\",\"dateModified\":\"2024-11-11T13:03:25+00:00\",\"breadcrumb\":{\"@id\":\"https:\/\/cintiacarreras.com\/index.php\/product\/plasma-rico-en-plaquetas\/#breadcrumb\"},\"inLanguage\":\"en-US\",\"potentialAction\":[{\"@type\":\"ReadAction\",\"target\":[\"https:\/\/cintiacarreras.com\/index.php\/product\/plasma-rico-en-plaquetas\/\"]}]},{\"@type\":\"ImageObject\",\"inLanguage\":\"en-US\",\"@id\":\"https:\/\/cintiacarreras.com\/index.php\/product\/plasma-rico-en-plaquetas\/#primaryimage\",\"url\":\"https:\/\/cintiacarreras.com\/wp-content\/uploads\/2023\/07\/plasma-rico-en-plaquetas.png\",\"contentUrl\":\"https:\/\/cintiacarreras.com\/wp-content\/uploads\/2023\/07\/plasma-rico-en-plaquetas.png\",\"width\":1080,\"height\":1080,\"caption\":\"imagen decorativa de plasma rico en plaquetas\"},{\"@type\":\"BreadcrumbList\",\"@id\":\"https:\/\/cintiacarreras.com\/index.php\/product\/plasma-rico-en-plaquetas\/#breadcrumb\",\"itemListElement\":[{\"@type\":\"ListItem\",\"position\":1,\"name\":\"Inicio\",\"item\":\"https:\/\/cintiacarreras.com\/\"},{\"@type\":\"ListItem\",\"position\":2,\"name\":\"Servicios\",\"item\":\"https:\/\/cintiacarreras.com\/index.php\/shop\/\"},{\"@type\":\"ListItem\",\"position\":3,\"name\":\"PLASMA RICO EN PLAQUETAS\"}]},{\"@type\":\"WebSite\",\"@id\":\"https:\/\/cintiacarreras.com\/#website\",\"url\":\"https:\/\/cintiacarreras.com\/\",\"name\":\"cintiacarreras.com\",\"description\":\"Dra Cintia Carreras- Especialista en Dermatolog\u00eda, medicina estetica y l\u00e1ser.\",\"publisher\":{\"@id\":\"https:\/\/cintiacarreras.com\/#organization\"},\"potentialAction\":[{\"@type\":\"SearchAction\",\"target\":{\"@type\":\"EntryPoint\",\"urlTemplate\":\"https:\/\/cintiacarreras.com\/?s={search_term_string}\"},\"query-input\":{\"@type\":\"PropertyValueSpecification\",\"valueRequired\":true,\"valueName\":\"search_term_string\"}}],\"inLanguage\":\"en-US\"},{\"@type\":\"Organization\",\"@id\":\"https:\/\/cintiacarreras.com\/#organization\",\"name\":\"cintiacarreras.com\",\"url\":\"https:\/\/cintiacarreras.com\/\",\"logo\":{\"@type\":\"ImageObject\",\"inLanguage\":\"en-US\",\"@id\":\"https:\/\/cintiacarreras.com\/#\/schema\/logo\/image\/\",\"url\":\"https:\/\/cintiacarreras.com\/wp-content\/uploads\/2023\/05\/cropped-logo-reverso-cintia-carreras.png\",\"contentUrl\":\"https:\/\/cintiacarreras.com\/wp-content\/uploads\/2023\/05\/cropped-logo-reverso-cintia-carreras.png\",\"width\":510,\"height\":510,\"caption\":\"cintiacarreras.com\"},\"image\":{\"@id\":\"https:\/\/cintiacarreras.com\/#\/schema\/logo\/image\/\"}}]}<\/script>\n<!-- \/ Yoast SEO plugin. -->","yoast_head_json":{"title":"PLASMA RICO EN PLAQUETAS - cintiacarreras.com","robots":{"index":"index","follow":"follow","max-snippet":"max-snippet:-1","max-image-preview":"max-image-preview:large","max-video-preview":"max-video-preview:-1"},"canonical":"https:\/\/cintiacarreras.com\/index.php\/product\/plasma-rico-en-plaquetas\/","og_locale":"en_US","og_type":"article","og_title":"PLASMA RICO EN PLAQUETAS - cintiacarreras.com","og_description":"Experimenta la regeneraci\u00f3n y rejuvenecimiento de tu piel con nuestro servicio de Plasma Rico en Plaquetas (PRP). El PRP es un tratamiento revolucionario que utiliza tu propio plasma sangu\u00edneo, rico en factores de crecimiento, para estimular la producci\u00f3n de col\u00e1geno y promover la regeneraci\u00f3n celular. Primero en el laboratorios de estudios cl\u00ednicos los bioquimicos extraen ... Leer m\u00e1s","og_url":"https:\/\/cintiacarreras.com\/index.php\/product\/plasma-rico-en-plaquetas\/","og_site_name":"cintiacarreras.com","article_modified_time":"2024-11-11T13:03:25+00:00","og_image":[{"width":1080,"height":1080,"url":"https:\/\/cintiacarreras.com\/wp-content\/uploads\/2023\/07\/plasma-rico-en-plaquetas.png","type":"image\/png"}],"twitter_card":"summary_large_image","twitter_misc":{"Est. reading time":"1 minute"},"schema":{"@context":"https:\/\/schema.org","@graph":[{"@type":"WebPage","@id":"https:\/\/cintiacarreras.com\/index.php\/product\/plasma-rico-en-plaquetas\/","url":"https:\/\/cintiacarreras.com\/index.php\/product\/plasma-rico-en-plaquetas\/","name":"PLASMA RICO EN PLAQUETAS - cintiacarreras.com","isPartOf":{"@id":"https:\/\/cintiacarreras.com\/#website"},"primaryImageOfPage":{"@id":"https:\/\/cintiacarreras.com\/index.php\/product\/plasma-rico-en-plaquetas\/#primaryimage"},"image":{"@id":"https:\/\/cintiacarreras.com\/index.php\/product\/plasma-rico-en-plaquetas\/#primaryimage"},"thumbnailUrl":"https:\/\/cintiacarreras.com\/wp-content\/uploads\/2023\/07\/plasma-rico-en-plaquetas.png","datePublished":"2023-07-25T20:29:09+00:00","dateModified":"2024-11-11T13:03:25+00:00","breadcrumb":{"@id":"https:\/\/cintiacarreras.com\/index.php\/product\/plasma-rico-en-plaquetas\/#breadcrumb"},"inLanguage":"en-US","potentialAction":[{"@type":"ReadAction","target":["https:\/\/cintiacarreras.com\/index.php\/product\/plasma-rico-en-plaquetas\/"]}]},{"@type":"ImageObject","inLanguage":"en-US","@id":"https:\/\/cintiacarreras.com\/index.php\/product\/plasma-rico-en-plaquetas\/#primaryimage","url":"https:\/\/cintiacarreras.com\/wp-content\/uploads\/2023\/07\/plasma-rico-en-plaquetas.png","contentUrl":"https:\/\/cintiacarreras.com\/wp-content\/uploads\/2023\/07\/plasma-rico-en-plaquetas.png","width":1080,"height":1080,"caption":"imagen decorativa de plasma rico en plaquetas"},{"@type":"BreadcrumbList","@id":"https:\/\/cintiacarreras.com\/index.php\/product\/plasma-rico-en-plaquetas\/#breadcrumb","itemListElement":[{"@type":"ListItem","position":1,"name":"Inicio","item":"https:\/\/cintiacarreras.com\/"},{"@type":"ListItem","position":2,"name":"Servicios","item":"https:\/\/cintiacarreras.com\/index.php\/shop\/"},{"@type":"ListItem","position":3,"name":"PLASMA RICO EN PLAQUETAS"}]},{"@type":"WebSite","@id":"https:\/\/cintiacarreras.com\/#website","url":"https:\/\/cintiacarreras.com\/","name":"cintiacarreras.com","description":"Dra Cintia Carreras- Especialista en Dermatolog\u00eda, medicina estetica y l\u00e1ser.","publisher":{"@id":"https:\/\/cintiacarreras.com\/#organization"},"potentialAction":[{"@type":"SearchAction","target":{"@type":"EntryPoint","urlTemplate":"https:\/\/cintiacarreras.com\/?s={search_term_string}"},"query-input":{"@type":"PropertyValueSpecification","valueRequired":true,"valueName":"search_term_string"}}],"inLanguage":"en-US"},{"@type":"Organization","@id":"https:\/\/cintiacarreras.com\/#organization","name":"cintiacarreras.com","url":"https:\/\/cintiacarreras.com\/","logo":{"@type":"ImageObject","inLanguage":"en-US","@id":"https:\/\/cintiacarreras.com\/#\/schema\/logo\/image\/","url":"https:\/\/cintiacarreras.com\/wp-content\/uploads\/2023\/05\/cropped-logo-reverso-cintia-carreras.png","contentUrl":"https:\/\/cintiacarreras.com\/wp-content\/uploads\/2023\/05\/cropped-logo-reverso-cintia-carreras.png","width":510,"height":510,"caption":"cintiacarreras.com"},"image":{"@id":"https:\/\/cintiacarreras.com\/#\/schema\/logo\/image\/"}}]}},"_links":{"self":[{"href":"https:\/\/cintiacarreras.com\/index.php\/wp-json\/wp\/v2\/product\/19362","targetHints":{"allow":["GET"]}}],"collection":[{"href":"https:\/\/cintiacarreras.com\/index.php\/wp-json\/wp\/v2\/product"}],"about":[{"href":"https:\/\/cintiacarreras.com\/index.php\/wp-json\/wp\/v2\/types\/product"}],"replies":[{"embeddable":true,"href":"https:\/\/cintiacarreras.com\/index.php\/wp-json\/wp\/v2\/comments?post=19362"}],"wp:featuredmedia":[{"embeddable":true,"href":"https:\/\/cintiacarreras.com\/index.php\/wp-json\/wp\/v2\/media\/19410"}],"wp:attachment":[{"href":"https:\/\/cintiacarreras.com\/index.php\/wp-json\/wp\/v2\/media?parent=19362"}],"wp:term":[{"taxonomy":"product_cat","embeddable":true,"href":"https:\/\/cintiacarreras.com\/index.php\/wp-json\/wp\/v2\/product_cat?post=19362"},{"taxonomy":"product_tag","embeddable":true,"href":"https:\/\/cintiacarreras.com\/index.php\/wp-json\/wp\/v2\/product_tag?post=19362"}],"curies":[{"name":"wp","href":"https:\/\/api.w.org\/{rel}","templated":true}]}}